v be q(-5). Let d be v/(-4)*516/6. Let b = 62 + d. What is the greatest common factor of b and 57?
19
Suppose -2*g - 12*o + 8*o - 2360 = 0, 0 = -g + 5*o - 1166. Let n be (-2)/2*(-1)/((-7)/g). Calculate the greatest common factor of n and 14.
14
Suppose -8*p - 18 + 58 = 0. Suppose r = 5*f - 31, p*r - 2*f + 50 = 2*f. Let q be (-1 - (-3)/r)*-16. What is the highest common factor of q and 60?
12
Let m(b) = -12*b + 40. Let r be m(3). Suppose -i - 309 = -4*j, 4*i = r*j - 3*j - 66. What is the highest common divisor of 36 and j?
6
Let j be 4372/14 + 4/(-14). What is the greatest common factor of 260 and j?
52
Let g be (-6 - -13 - 8)*(-5 + -2244). Calculate the highest common divisor of 173 and g.
173
Suppose 2*v - 2*m - 8 = -0*v, 0 = -m + 5. Let r be (-3)/(v/(-267)) - (-5 + 9). Calculate the highest common factor of r and 34.
17
Let j(n) = n**3 + 10*n**2 - n + 15. Let x be j(-7). Suppose 0 = -170*t + x*t + 3. What is the highest common factor of t and 24?
3
Let k = -44530 + 44611. Let o(h) = -h**2 + 8*h + 12. Let t be o(8). What is the highest common divisor of k and t?
3
Let p be (-63)/(-4)*(-3 - -7). Suppose 5 - 3 = -2*c, n = -4*c. Suppose 3*r = -2*o + o + 27, n*o = -2*r + 158. What is the highest common factor of o and p?
21
Suppose 5*j - 85 = -4*t - t, t = 2*j + 8. Suppose t*n - 260 = 9*n. Calculate the highest common factor of n and 26.
26
Suppose -10*d - 13*d + 25004 = 24*d. Calculate the highest common divisor of d and 1463.
133
Suppose 5*p = 4*b - 620, 4*b = 8049*p - 8046*p + 620. What is the highest common factor of b and 7719?
31
Let m be (-1 + 7/3)*((-47250)/4)/(-15). Calculate the greatest common factor of m and 240.
30
Let w = -11 + 57. Let g = -41 + w. Suppose g*u = -2*f - f + 132, -f + 33 = -2*u. What is the highest common divisor of f and 117?
39
Let n(l) = 389*l**2 + 17*l + 24. Let q be n(-3). Calculate the greatest common divisor of q and 108.
18
Let w be (63/(-7) - -12)*(-35)/(-60)*4. Calculate the greatest common factor of 1736 and w.
7
Let i(y) = -24*y - 11. Let a be i(-1). Suppose -a*t + 1174 = -386. What is the highest common divisor of 30 and t?
30
Suppose -528 = -5*g - 503, 3*n - 2*g = 13355. What is the highest common divisor of 2640 and n?
165
Let j be ((-1)/1)/2*-84. Suppose 2*f - j = -0*f + 5*m, -3*f + m = -63. Let i be 424/64 - (-9)/24. Calculate the greatest common divisor of i and f.
7
Let x be (88/20)/(31/15 + -2). Let s = x - -14. Let o = 13 - 3. Calculate the greatest common factor of o and s.
10
Let b = -48 - 10. Let s be (b + 56)/((-2)/616). Calculate the highest common divisor of 112 and s.
56
Suppose -8*z - 3319 + 95 = -34*z. What is the highest common factor of z and 68?
4
Let s = -150 + 450. Calculate the highest common factor of s and 132.
12
Let h(p) = -p**3 - 41*p**2 - 220*p - 64. Let w be h(-35). Calculate the highest common factor of 1053 and w.
13
Suppose -10*g = -9*g - 32. Suppose g = -5*v + 12. Let f be v/8 + 542/4. What is the highest common factor of f and 15?
15
Suppose -2*i = -u + 21 - 17, 3*u = -5*i + 45. What is the highest common divisor of u and 362?
2
Let c be (2*(-3 - -4))/(8/7744). What is the greatest common divisor of 96 and c?
16
Let a = 7092 + -5664. What is the greatest common divisor of 12 and a?
12
Let c = -3001 + 3092. Suppose 6*i - 621 = 627. What is the greatest common divisor of i and c?
13
Let b(q) = -3*q**2 + 16*q + 119. Let c be b(-6). Let t = 125 + c. Calculate the highest common divisor of t and 25.
5
Let w = 4261 - 2165. Calculate the highest common divisor of 16 and w.
16
Let q = -3796 + 3823. What is the highest common factor of q and 144?
9
Let q be ((-23493)/(-164))/((-12)/(-64) + 0). Calculate the highest common divisor of q and 8.
4
Let q = -32 - -98. Let a be ((-44)/(-7))/((-682)/(-7161)). What is the greatest common divisor of a and q?
66
Suppose -5*n = 2*i - 1363, 4*n + 2309 = 3*i + 253. Suppose 7*m + 2*m = i. Let y be (-232)/(-6) - m/(-57). What is the highest common factor of 5 and y?
5
Suppose 0 = -j + 5, -d + 0*j - 4*j - 16 = 0. Let i be (-30)/d*87 + (-6)/12. What is the greatest common divisor of i and 48?
24
Suppose 0 = 2*w - 24*w + 396. Let t be 3/w*-1 + (-13211)/(-66). Calculate the greatest common divisor of 30 and t.
10
Suppose -3*n + 0 = -9. Suppose 3*t - 39 - 171 = h, -n*h = 0. Suppose 2*y - 32 = -3*g - g, -g - 41 = -3*y. What is the highest common divisor of y and t?
14
Let w = 16864 + -16589. Let p be (-10)/4*-5*2. What is the highest common divisor of w and p?
25
Suppose z + 8 = 0, -2*p + 2511 = -4*z + 555. Calculate the greatest common divisor of p and 1258.
74
Let z = -88 + 85. Let w be ((-2)/z)/((-24)/(-8244)). Suppose 8*y = w - 37. What is the greatest common factor of 12 and y?
12
Let p(x) = 3*x - 111. Let o be p(31). Suppose -4*r + 58 = -42. Let t = o + r. What is the greatest common divisor of t and 77?
7
Let j(p) = p**3 + 28*p**2 + 73*p - 46. Let u be j(-25). What is the highest common factor of u and 316?
4
Suppose 5*k + 5 = 0, -5715 = 11*f - 15*f + 3*k. What is the highest common divisor of f and 252?
84
Suppose -4*f = -15 - 17. Let j = f + -8. Suppose j = -11*i + 6*i + 825. What is the highest common factor of i and 15?
15
Let w = 85 + -34. Suppose 11*l + m - 54 + 15 = 0, 0 = -4*l - m + 18. What is the highest common divisor of l and w?
3
Suppose -2*o + 9 = -q, -5*o + 28 + 17 = -5*q. Let c be ((-48)/(-10))/(q/(-45)). Suppose x = 31 + c. What is the greatest common divisor of x and 11?
11
Let m be (42/(-4))/((-1)/2). Suppose -91*w + 59241 = 312*w. Calculate the highest common factor of w and m.
21
Suppose -8*k + 72018 = 7266. Calculate the greatest common factor of k and 76.
38
Let k(c) = -52*c + 75. Let z be k(6). Let j = z - -247. Calculate the greatest common factor of 970 and j.
10
Let s(i) = 38*i - 1974. Let u be s(96). What is the highest common divisor of 2697 and u?
93
Let i = -32 - -46. Suppose 0*y + 840 = 4*y + 5*j, -2*y + j = -406. Let m = 212 - y. What is the greatest common divisor of m and i?
7
Let n = 511 - 201. Let h = n + -233. What is the greatest common factor of 22 and h?
11
Let d be 4/6*30/5. Suppose d*p + 19 + 1 = 0, 0 = 2*b + p - 45. Suppose -5*m = 2*t - 25, -2*t = -5*t. What is the highest common factor of m and b?
5
Let l = -6518 + 6948. What is the highest common factor of l and 440?
10
Suppose 2*g + 584 = 6*g. Suppose 154 = -3*w + 811. Calculate the greatest common factor of w and g.
73
Let f(r) = -6*r**2 - 26*r + 75. Let b be f(-6). Calculate the highest common factor of b and 10935.
15
Let q be 98/((-27)/18 + (-1)/2). Let l = q + 59. Let f be (11 - l) + (-6)/2*-1. Calculate the highest common factor of 28 and f.
4
Let t be (9 - 9) + (-8)/(-60) - (-125184)/45. Calculate the highest common factor of 1177 and t.
107
Let m(w) = 21*w + 2167. Let x be m(-103). Calculate the highest common divisor of x and 82.
2
Let l be (10/6)/(0 - 4/60). Let i = l + 33. Let d be (i + 92/(-12))*(54 - 0). Calculate the highest common divisor of 6 and d.
6
Let b(k) = 34*k**2 + 83*k - 11. Let f be b(18). Calculate the highest common factor of f and 29.
29
Let x(s) = -s - 4. Let v be x(-11). Suppose 2*p - 4*c - v = -1, 3*p = -4*c + 19. Let d be 422/10 - 1/p. Calculate the highest common factor of d and 63.
21
Suppose -3600*d + 3618*d = 13986. Calculate the greatest common divisor of 222 and d.
111
Suppose -6*r - 29 = 115. Let i = 30 + r. Let s = 546 + -450. What is the highest common factor of i and s?
6
Let f(m) = -m**2 - 14*m - 21. Let v be f(-6). Let q(o) = -28 + 32 - 13*o + v - 87. Let x be q(-12). What is the greatest common factor of 40 and x?
20
Let x = 318 - 280. Suppose -11*o + x + 72 = 0. What is the greatest common factor of 160 and o?
10
Let j(z) = 148*z + 66. Let m be j(0). Calculate the greatest common factor of 5379 and m.
33
Suppose -i + 5*p + 8 + 1 = 0, 0 = -3*i + 2*p + 14. Let c be 7 - (2 - -1) - i. Suppose c*g = 4*g - 36. What is the greatest common factor of g and 9?
9
Suppose 4*t - 138 - 151 = g, 5*t + 4*g - 356 = 0. Let u be (-10)/4*t/(-45). Suppose u*j + 22 = 102. What is the greatest common divisor of j and 4?
4
Let u = -2 + 20. Let l be (-20 - -25)*(-2)/(-5). Let t(k) = 13*k**2 + k. Let d be t(l). What is the highest common divisor of u and d?
18
Let b = 134 - 131. Suppose 3*u = b, 11*s + 2*u - 134 = 7*s. What